at is the tens digit of 47790861?
6
What is the ten millions digit of 78430888?
7
What is the units digit of 50320670?
0
What is the thousands digit of 110159776?
9
What is the tens digit of 136716007?
0
What is the ten thousands digit of 73539881?
3
What is the billions digit of 2922139633?
2
What is the thousands digit of 5165939?
5
What is the billions digit of 2720033117?
2
What is the hundred thousands digit of 347946911?
9
What is the thousands digit of 2544183247?
3
What is the millions digit of 320233402?
0
What is the millions digit of 3442257?
3
What is the billions digit of 4602714428?
4
What is the units digit of 296936661?
1
What is the units digit of 25386401?
1
What is the hundreds digit of 3331405637?
6
What is the hundred thousands digit of 506437344?
4
What is the tens digit of 83342852?
5
What is the millions digit of 39922570?
9
What is the millions digit of 190428771?
0
What is the thousands digit of 294248305?
8
What is the hundred thousands digit of 764021731?
0
What is the billions digit of 1775442227?
1
What is the ten thousands digit of 26737621?
3
What is the ten thousands digit of 5836638433?
3
What is the thousands digit of 1026574949?
4
What is the hundred thousands digit of 1454718520?
7
What is the units digit of 38597606?
6
What is the tens digit of 2748428857?
5
What is the hundreds digit of 52389529?
5
What is the hundreds digit of 313407962?
9
What is the ten thousands digit of 51005333?
0
What is the hundreds digit of 34629751?
7
What is the units digit of 209593768?
8
What is the hundreds digit of 88900475?
4
What is the millions digit of 2697611799?
7
What is the hundred thousands digit of 101378418?
3
What is the millions digit of 207004693?
7
What is the hundred millions digit of 271481475?
2
What is the thousands digit of 786794132?
4
What is the hundreds digit of 51725838?
8
What is the tens digit of 245263212?
1
What is the ten thousands digit of 45181888?
8
What is the thousands digit of 211604301?
4
What is the hundred thousands digit of 40615794?
6
What is the ten thousands digit of 21712449?
1
What is the units digit of 1635009614?
4
What is the hundred millions digit of 6277591406?
2
What is the tens digit of 150548151?
5
What is the ten millions digit of 6420964272?
2
What is the units digit of 4073284502?
2
What is the ten millions digit of 1208209358?
0
What is the tens digit of 133917250?
5
What is the hundred thousands digit of 4975925045?
9
What is the ten millions digit of 708839625?
0
What is the hundred thousands digit of 156561195?
5
What is the tens digit of 165394738?
3
What is the hundreds digit of 94459785?
7
What is the hundreds digit of 54111838?
8
What is the tens digit of 2799147062?
6
What is the thousands digit of 987217613?
7
What is the hundred thousands digit of 2441542249?
5
What is the hundreds digit of 321448482?
4
What is the hundreds digit of 16808224?
2
What is the tens digit of 131656617?
1
What is the hundreds digit of 4842356678?
6
What is the tens digit of 2430563180?
8
What is the hundreds digit of 28238418?
4
What is the hundreds digit of 2925145705?
7
What is the thousands digit of 431939044?
9
What is the billions digit of 3340746027?
3
What is the hundreds digit of 121754217?
2
What is the hundreds digit of 163041097?
0
What is the millions digit of 132226631?
2
What is the ten thousands digit of 51294297?
9
What is the hundreds digit of 47201691?
6
What is the ten thousands digit of 633612844?
1
What is the hundred thousands digit of 10111197?
1
What is the ten thousands digit of 14398598?
9
What is the hundred thousands digit of 66070342?
0
What is the ten thousands digit of 1138803902?
0
What is the hundreds digit of 1095920?
9
What is the ten thousands digit of 183858457?
5
What is the hundred thousands digit of 192046835?
0
What is the millions digit of 136493605?
6
What is the ten thousands digit of 1670632762?
3
What is the hundred thousands digit of 45250468?
2
What is the millions digit of 509297868?
9
What is the millions digit of 6808766931?
8
What is the hundred millions digit of 307607013?
3
What is the tens digit of 38685525?
2
What is the hundred thousands digit of 390293819?
2
What is the ten thousands digit of 24845741?
4
What is the units digit of 27804676?
6
What is the hundred millions digit of 448996024?
4
What is the tens digit of 17299614?
1
What is the thousands digit of 43355758?
5
What is the hundreds digit of 35483958?
9
What is the billions digit of 1403154434?
1
What is the hundreds digit of 230824633?
6
What is the units digit of 2721588520?
0
What is the tens digit of 2499379784?
8
What is the ten thousands digit of 35001446?
0
What is the thousands digit of 764482757?
2
What is the millions digit of 92647519?
2
What is the ten millions digit of 46808533?
4
What is the ten millions digit of 327598425?
2
What is the ten thousands digit of 24465184?
6
What is the thousands digit of 140967245?
7
What is the ten thousands digit of 629369064?
6
What is the hundred millions digit of 135268087?
1
What is the tens digit of 1981841172?
7
What is the millions digit of 92106914?
2
What is the units digit of 234602101?
1
What is the tens digit of 2417613647?
4
What is the millions digit of 112336840?
2
What is the hundreds digit of 841043178?
1
What is the ten millions digit of 66685965?
6
What is the thousands digit of 4720695?
0
What is the tens digit of 493456586?
8
What is the hundred thousands digit of 37928396?
9
What is the millions digit of 191970281?
1
What is the thousands digit of 60841905?
1
What is the ten millions digit of 4020235987?
2
What is the thousands digit of 166302649?
2
What is the thousands digit of 429777625?
7
What is the tens digit of 1351963731?
3
What is the thousands digit of 3664128187?
8
What is the ten thousands digit of 19619890?
1
What is the units digit of 162426639?
9
What is the ten millions digit of 622229832?
2
What is the units digit of 204937764?
4
What is the tens digit of 111833363?
6
What is the hundreds digit of 67538482?
4
What is the hundred thousands digit of 2493963953?
9
What is the hundreds digit of 3583932572?
5
What is the units digit of 300371762?
2
What is the hundreds digit of 379153165?
1
What is the millions digit of 1061471409?
1
What is the thousands digit of 63903163?
3
What is the hundreds digit of 136113656?
6
What is the tens digit of 698540372?
7
What is the ten thousands digit of 1118555143?
5
What is the hundreds digit of 63809975?
9
What is the units digit of 107300562?
2
What is the ten thousands digit of 27189054?
8
What is the millions digit of 2519657687?
9
What is the units digit of 38649121?
1
What is the millions digit of 77159549?
7
What is the ten millions digit of 1551651542?
5
What is the hundreds digit of 70323588?
5
What is the ten millions digit of 428004569?
2
What is the millions digit of 46724002?
6
What is the millions digit of 39070411?
9
What is the ten thousands digit of 110215883?
1
What is the ten thousands digit of 357132337?
3
What is the ten thousands digit of 72172133?
7
What is the ten thousands digit of 2768800363?
0
What is the thousands digit of 228159425?
9
What is the ten thousands digit of 68822215?
2
What is the hundred millions digit of 150851375?
1
What is the units digit of 72888866?
6
What is the units digit of 2568091?
1
What is the thousands digit of 1547802348?
2
What is the thousands digit of 54254740?
4
What is the hundred thousands digit of 215697112?
6
What is the hundred thousands digit of 30542984?
5
What is the millions digit of 9683441?
9
What is the thousands digit of 2305083000?
3
What is the hundred thousands digit of 292074072?
0
What is the hundred thousands digit of 351614793?
6
What is the ten millions digit of 16866281?
1
What is the ten millions digit of 629673251?
2
What is the hundred millions digit of 331541333?
3
What is the ten thousands digit of 158094056?
9
What is the units digit of 251386445?
5
What is the hundred thousands digit of 2330085557?
0
What is the hundred thousands digit of 163893100?
8
What is the ten thousands digit of 1118148624?
4
What is the tens digit of 3134946802?
0
What is the hundred millions digit of 465080342?
4
What is the ten millions digit of 1079646678?
7
What is the ten t